{"id":6789,"date":"2023-01-31T18:24:47","date_gmt":"2023-01-31T18:24:47","guid":{"rendered":"http:\/\/www.fincasmoles.com\/?post_type=rental&#038;p=6789"},"modified":"2023-09-22T10:15:03","modified_gmt":"2023-09-22T10:15:03","slug":"alquiler-de-temporada-en-el-eixample","status":"publish","type":"rental","link":"http:\/\/www.fincasmoles.com\/ca\/rental\/alquiler-de-temporada-en-el-eixample\/","title":{"rendered":"ALQUILER DE TEMPORADA, en el Eixample"},"content":{"rendered":"\n\n\n<p>Disfrute de una experiencia elegante en este condominio c\u00e9ntrico. Piso remodelado a estrenar en un edificio hist\u00f3rico, cerca de excelentes restaurantes y tiendas. Todo est\u00e1 cerca a poca distancia a pie, o a un corto trayecto en taxi. Excelentes restaurantes, excelente vida nocturna y tiendas de clase mundial, todo en el coraz\u00f3n de Barcelona. A poca distancia de Rambla de Catalunya, Passeig de Gr\u00e0cia y Plaza de la Universitat.<br \/>El piso est\u00e1 situado en el 1er piso del edificio (nivel principal) con los techos m\u00e1s altos del edificio. Mucha luz del d\u00eda. 2 Dormitorios y 1 ba\u00f1o y 1 aseo. Amueblado y totalmente equipado. Colchones viscoel\u00e1sticos con ropa de cama 100% algod\u00f3n. Internet de fibra ultra r\u00e1pida (300\/300 Mbps). Smart TV de 55&#8243; en el sal\u00f3n. Calefacci\u00f3n central y aire acondicionado. El apartamento con salida a balc\u00f3n privado da a una calle llena de \u00e1rboles con una vista directa de una hermosa iglesia. El servicio de limpieza al dejar el piso es obligatorio.<br \/>Incluidos los servicios de agua, luz y gas. 20% de descuento las 3 primeras reservas, se puede tener servicio de limpieza por 20\u20ac hora durante la estancia en el apartamento.<br \/>Tiempo m\u00ednimo de alquiler 30 d\u00edas.<\/p>\n","protected":false},"excerpt":{"rendered":"<p>Disfrute de una experiencia elegante en este condominio c\u00e9ntrico. Piso remodelado a estrenar en un edificio hist\u00f3rico, cerca de excelentes restaurantes y tiendas. Todo est\u00e1 cerca a poca distancia a pie, o a un corto trayecto en taxi. Excelentes restaurantes, excelente vida nocturna y tiendas de clase mundial, todo en el coraz\u00f3n de Barcelona. A&#8230;<a href=\"http:\/\/www.fincasmoles.com\/ca\/rental\/alquiler-de-temporada-en-el-eixample\/\" class=\"epl-more-link\">Llegir m\u00e9s&rarr;<\/a><\/p>\n","protected":false},"author":4,"featured_media":6790,"comment_status":"closed","ping_status":"closed","template":"","location":[18],"tax_feature":[],"yoast_head":"<!-- This site is optimized with the Yoast SEO plugin v19.9 - https:\/\/yoast.com\/wordpress\/plugins\/seo\/ -->\n<title>ALQUILER DE TEMPORADA, en el Eixample - Fincas Moles<\/title>\n<meta name=\"robots\" content=\"index, follow, max-snippet:-1, max-image-preview:large, max-video-preview:-1\" \/>\n<link rel=\"canonical\" href=\"https:\/\/www.fincasmoles.com\/rental\/alquiler-de-temporada-en-el-eixample\/\" \/>\n<meta property=\"og:locale\" content=\"ca_ES\" \/>\n<meta property=\"og:type\" content=\"article\" \/>\n<meta property=\"og:title\" content=\"ALQUILER DE TEMPORADA, en el Eixample - Fincas Moles\" \/>\n<meta property=\"og:description\" content=\"Disfrute de una experiencia elegante en este condominio c\u00e9ntrico. Piso remodelado a estrenar en un edificio hist\u00f3rico, cerca de excelentes restaurantes y tiendas. Todo est\u00e1 cerca a poca distancia a pie, o a un corto trayecto en taxi. Excelentes restaurantes, excelente vida nocturna y tiendas de clase mundial, todo en el coraz\u00f3n de Barcelona. A...Llegir m\u00e9s&rarr;\" \/>\n<meta property=\"og:url\" content=\"https:\/\/www.fincasmoles.com\/rental\/alquiler-de-temporada-en-el-eixample\/\" \/>\n<meta property=\"og:site_name\" content=\"Fincas Moles\" \/>\n<meta property=\"article:modified_time\" content=\"2023-09-22T10:15:03+00:00\" \/>\n<meta property=\"og:image\" content=\"https:\/\/www.fincasmoles.com\/wp-content\/uploads\/2023\/01\/1.jpg\" \/>\n\t<meta property=\"og:image:width\" content=\"1280\" \/>\n\t<meta property=\"og:image:height\" content=\"853\" \/>\n\t<meta property=\"og:image:type\" content=\"image\/jpeg\" \/>\n<meta name=\"twitter:label1\" content=\"Temps estimat de lectura\" \/>\n\t<meta name=\"twitter:data1\" content=\"1 minut\" \/>\n<script type=\"application\/ld+json\" class=\"yoast-schema-graph\">{\"@context\":\"https:\/\/schema.org\",\"@graph\":[{\"@type\":\"WebPage\",\"@id\":\"https:\/\/www.fincasmoles.com\/rental\/alquiler-de-temporada-en-el-eixample\/\",\"url\":\"https:\/\/www.fincasmoles.com\/rental\/alquiler-de-temporada-en-el-eixample\/\",\"name\":\"ALQUILER DE TEMPORADA, en el Eixample - Fincas Moles\",\"isPartOf\":{\"@id\":\"https:\/\/www.fincasmoles.com\/en\/#website\"},\"datePublished\":\"2023-01-31T18:24:47+00:00\",\"dateModified\":\"2023-09-22T10:15:03+00:00\",\"breadcrumb\":{\"@id\":\"https:\/\/www.fincasmoles.com\/rental\/alquiler-de-temporada-en-el-eixample\/#breadcrumb\"},\"inLanguage\":\"ca\",\"potentialAction\":[{\"@type\":\"ReadAction\",\"target\":[\"https:\/\/www.fincasmoles.com\/rental\/alquiler-de-temporada-en-el-eixample\/\"]}]},{\"@type\":\"BreadcrumbList\",\"@id\":\"https:\/\/www.fincasmoles.com\/rental\/alquiler-de-temporada-en-el-eixample\/#breadcrumb\",\"itemListElement\":[{\"@type\":\"ListItem\",\"position\":1,\"name\":\"Portada\",\"item\":\"http:\/\/www.fincasmoles.com\/ca\/\"},{\"@type\":\"ListItem\",\"position\":2,\"name\":\"Alquiler\",\"item\":\"https:\/\/www.fincasmoles.com\/rental\/\"},{\"@type\":\"ListItem\",\"position\":3,\"name\":\"ALQUILER DE TEMPORADA, en el Eixample\"}]},{\"@type\":\"WebSite\",\"@id\":\"https:\/\/www.fincasmoles.com\/en\/#website\",\"url\":\"https:\/\/www.fincasmoles.com\/en\/\",\"name\":\"Fincas Moles\",\"description\":\"Moles\",\"potentialAction\":[{\"@type\":\"SearchAction\",\"target\":{\"@type\":\"EntryPoint\",\"urlTemplate\":\"https:\/\/www.fincasmoles.com\/en\/?s={search_term_string}\"},\"query-input\":\"required name=search_term_string\"}],\"inLanguage\":\"ca\"}]}<\/script>\n<!-- \/ Yoast SEO plugin. -->","yoast_head_json":{"title":"ALQUILER DE TEMPORADA, en el Eixample - Fincas Moles","robots":{"index":"index","follow":"follow","max-snippet":"max-snippet:-1","max-image-preview":"max-image-preview:large","max-video-preview":"max-video-preview:-1"},"canonical":"https:\/\/www.fincasmoles.com\/rental\/alquiler-de-temporada-en-el-eixample\/","og_locale":"ca_ES","og_type":"article","og_title":"ALQUILER DE TEMPORADA, en el Eixample - Fincas Moles","og_description":"Disfrute de una experiencia elegante en este condominio c\u00e9ntrico. Piso remodelado a estrenar en un edificio hist\u00f3rico, cerca de excelentes restaurantes y tiendas. Todo est\u00e1 cerca a poca distancia a pie, o a un corto trayecto en taxi. Excelentes restaurantes, excelente vida nocturna y tiendas de clase mundial, todo en el coraz\u00f3n de Barcelona. A...Llegir m\u00e9s&rarr;","og_url":"https:\/\/www.fincasmoles.com\/rental\/alquiler-de-temporada-en-el-eixample\/","og_site_name":"Fincas Moles","article_modified_time":"2023-09-22T10:15:03+00:00","og_image":[{"width":1280,"height":853,"url":"https:\/\/www.fincasmoles.com\/wp-content\/uploads\/2023\/01\/1.jpg","type":"image\/jpeg"}],"twitter_misc":{"Temps estimat de lectura":"1 minut"},"schema":{"@context":"https:\/\/schema.org","@graph":[{"@type":"WebPage","@id":"https:\/\/www.fincasmoles.com\/rental\/alquiler-de-temporada-en-el-eixample\/","url":"https:\/\/www.fincasmoles.com\/rental\/alquiler-de-temporada-en-el-eixample\/","name":"ALQUILER DE TEMPORADA, en el Eixample - Fincas Moles","isPartOf":{"@id":"https:\/\/www.fincasmoles.com\/en\/#website"},"datePublished":"2023-01-31T18:24:47+00:00","dateModified":"2023-09-22T10:15:03+00:00","breadcrumb":{"@id":"https:\/\/www.fincasmoles.com\/rental\/alquiler-de-temporada-en-el-eixample\/#breadcrumb"},"inLanguage":"ca","potentialAction":[{"@type":"ReadAction","target":["https:\/\/www.fincasmoles.com\/rental\/alquiler-de-temporada-en-el-eixample\/"]}]},{"@type":"BreadcrumbList","@id":"https:\/\/www.fincasmoles.com\/rental\/alquiler-de-temporada-en-el-eixample\/#breadcrumb","itemListElement":[{"@type":"ListItem","position":1,"name":"Portada","item":"http:\/\/www.fincasmoles.com\/ca\/"},{"@type":"ListItem","position":2,"name":"Alquiler","item":"https:\/\/www.fincasmoles.com\/rental\/"},{"@type":"ListItem","position":3,"name":"ALQUILER DE TEMPORADA, en el Eixample"}]},{"@type":"WebSite","@id":"https:\/\/www.fincasmoles.com\/en\/#website","url":"https:\/\/www.fincasmoles.com\/en\/","name":"Fincas Moles","description":"Moles","potentialAction":[{"@type":"SearchAction","target":{"@type":"EntryPoint","urlTemplate":"https:\/\/www.fincasmoles.com\/en\/?s={search_term_string}"},"query-input":"required name=search_term_string"}],"inLanguage":"ca"}]}},"_links":{"self":[{"href":"http:\/\/www.fincasmoles.com\/ca\/wp-json\/wp\/v2\/rental\/6789"}],"collection":[{"href":"http:\/\/www.fincasmoles.com\/ca\/wp-json\/wp\/v2\/rental"}],"about":[{"href":"http:\/\/www.fincasmoles.com\/ca\/wp-json\/wp\/v2\/types\/rental"}],"author":[{"embeddable":true,"href":"http:\/\/www.fincasmoles.com\/ca\/wp-json\/wp\/v2\/users\/4"}],"replies":[{"embeddable":true,"href":"http:\/\/www.fincasmoles.com\/ca\/wp-json\/wp\/v2\/comments?post=6789"}],"wp:featuredmedia":[{"embeddable":true,"href":"http:\/\/www.fincasmoles.com\/ca\/wp-json\/wp\/v2\/media\/6790"}],"wp:attachment":[{"href":"http:\/\/www.fincasmoles.com\/ca\/wp-json\/wp\/v2\/media?parent=6789"}],"wp:term":[{"taxonomy":"location","embeddable":true,"href":"http:\/\/www.fincasmoles.com\/ca\/wp-json\/wp\/v2\/location?post=6789"},{"taxonomy":"tax_feature","embeddable":true,"href":"http:\/\/www.fincasmoles.com\/ca\/wp-json\/wp\/v2\/tax_feature?post=6789"}],"curies":[{"name":"wp","href":"https:\/\/api.w.org\/{rel}","templated":true}]}}

<p>Disfrute de una experiencia elegante en este condominio céntrico. Piso remodelado a estrenar en un edificio histórico, cerca de excelentes restaurantes y tiendas. Todo está cerca a poca distancia a pie, o a un corto trayecto en taxi. Excelentes restaurantes, excelente vida nocturna y tiendas de clase mundial, todo en el corazón de Barcelona. A poca distancia de Rambla de Catalunya, Passeig de Gràcia y Plaza de la Universitat.<br />El piso está situado en el 1er piso del edificio (nivel principal) con los techos más altos del edificio. Mucha luz del día. 2 Dormitorios y 1 baño y 1 aseo. Amueblado y totalmente equipado. Colchones viscoelásticos con ropa de cama 100% algodón. Internet de fibra ultra rápida (300/300 Mbps). Smart TV de 55&#8243; en el salón. Calefacción central y aire acondicionado. El apartamento con salida a balcón privado da a una calle llena de árboles con una vista directa de una hermosa iglesia. El servicio de limpieza al dejar el piso es obligatorio.<br />Incluidos los servicios de agua, luz y gas. 20% de descuento las 3 primeras reservas, se puede tener servicio de limpieza por 20€ hora durante la estancia en el apartamento.<br />Tiempo mínimo de alquiler 30 días.</p>

<p>Disfrute de una experiencia elegante en este condominio céntrico. Piso remodelado a estrenar en un edificio histórico, cerca de excelentes restaurantes y tiendas. Todo está cerca a poca distancia a pie, o a un corto trayecto en taxi. Excelentes restaurantes, excelente vida nocturna y tiendas de clase mundial, todo en el corazón de Barcelona. A&#8230;<a href="http://www.fincasmoles.com/ca/rental/alquiler-de-temporada-en-el-eixample/" class="epl-more-link">Llegir més&rarr;</a></p>

<!-- This site is optimized with the Yoast SEO plugin v19.9 - https://yoast.com/wordpress/plugins/seo/ -->
<title>ALQUILER DE TEMPORADA, en el Eixample - Fincas Moles</title>
<meta name="robots" content="index, follow, max-snippet:-1, max-image-preview:large, max-video-preview:-1" />
<link rel="canonical" href="https://www.fincasmoles.com/rental/alquiler-de-temporada-en-el-eixample/" />
<meta property="og:locale" content="ca_ES" />
<meta property="og:type" content="article" />
<meta property="og:title" content="ALQUILER DE TEMPORADA, en el Eixample - Fincas Moles" />
<meta property="og:description" content="Disfrute de una experiencia elegante en este condominio céntrico. Piso remodelado a estrenar en un edificio histórico, cerca de excelentes restaurantes y tiendas. Todo está cerca a poca distancia a pie, o a un corto trayecto en taxi. Excelentes restaurantes, excelente vida nocturna y tiendas de clase mundial, todo en el corazón de Barcelona. A...Llegir més&rarr;" />
<meta property="og:url" content="https://www.fincasmoles.com/rental/alquiler-de-temporada-en-el-eixample/" />
<meta property="og:site_name" content="Fincas Moles" />
<meta property="article:modified_time" content="2023-09-22T10:15:03+00:00" />
<meta property="og:image" content="https://www.fincasmoles.com/wp-content/uploads/2023/01/1.jpg" />
	<meta property="og:image:width" content="1280" />
	<meta property="og:image:height" content="853" />
	<meta property="og:image:type" content="image/jpeg" />
<meta name="twitter:label1" content="Temps estimat de lectura" />
	<meta name="twitter:data1" content="1 minut" />
<script type="application/ld+json" class="yoast-schema-graph">{"@context":"https://schema.org","@graph":[{"@type":"WebPage","@id":"https://www.fincasmoles.com/rental/alquiler-de-temporada-en-el-eixample/","url":"https://www.fincasmoles.com/rental/alquiler-de-temporada-en-el-eixample/","name":"ALQUILER DE TEMPORADA, en el Eixample - Fincas Moles","isPartOf":{"@id":"https://www.fincasmoles.com/en/#website"},"datePublished":"2023-01-31T18:24:47+00:00","dateModified":"2023-09-22T10:15:03+00:00","breadcrumb":{"@id":"https://www.fincasmoles.com/rental/alquiler-de-temporada-en-el-eixample/#breadcrumb"},"inLanguage":"ca","potentialAction":[{"@type":"ReadAction","target":["https://www.fincasmoles.com/rental/alquiler-de-temporada-en-el-eixample/"]}]},{"@type":"BreadcrumbList","@id":"https://www.fincasmoles.com/rental/alquiler-de-temporada-en-el-eixample/#breadcrumb","itemListElement":[{"@type":"ListItem","position":1,"name":"Portada","item":"http://www.fincasmoles.com/ca/"},{"@type":"ListItem","position":2,"name":"Alquiler","item":"https://www.fincasmoles.com/rental/"},{"@type":"ListItem","position":3,"name":"ALQUILER DE TEMPORADA, en el Eixample"}]},{"@type":"WebSite","@id":"https://www.fincasmoles.com/en/#website","url":"https://www.fincasmoles.com/en/","name":"Fincas Moles","description":"Moles","potentialAction":[{"@type":"SearchAction","target":{"@type":"EntryPoint","urlTemplate":"https://www.fincasmoles.com/en/?s={search_term_string}"},"query-input":"required name=search_term_string"}],"inLanguage":"ca"}]}</script>
<!-- / Yoast SEO plugin. -->

Disfrute de una experiencia elegante en este condominio céntrico. Piso remodelado a estrenar en un edificio histórico, cerca de excelentes restaurantes y tiendas. Todo está cerca a poca distancia a pie, o a un corto trayecto en taxi. Excelentes restaurantes, excelente vida nocturna y tiendas de clase mundial, todo en el corazón de Barcelona. A...Llegir més&rarr;
